{"id":679,"date":"2014-12-08T14:57:00","date_gmt":"2014-12-08T13:57:00","guid":{"rendered":"http:\/\/liceo.antuzzi.it\/?page_id=679"},"modified":"2020-05-02T11:13:26","modified_gmt":"2020-05-02T09:13:26","slug":"linterno-oggi","status":"publish","type":"page","link":"https:\/\/liceo.antuzzi.it\/?page_id=679","title":{"rendered":"l&#8217;interno oggi"},"content":{"rendered":"<p>Il liceo, il 30 novembre del 1977, si trasferisce in un nuovo moderno edificio in via Verdi e lo stabile viene in seguito utilizzato dal Comune come sede della biblioteca che purtroppo, alcuni anni dopo, subisce anche un incendio. Successivamente viene acquistato dal CrediVeneto di Montagnana che ne cura il restauro per insediarvi una nuova filiale.<br \/>\nDurante i lavori, terminati a met\u00e0 del 2010, sono state recuperate molte decorazioni pittoriche che prima erano coperte dalla malta, \u00e8 stato alzato il pavimento dell&#8217;ingresso e quindi le porte che ricordavamo imponenti sono diventate pi\u00f9 basse ed \u00e8 stato murato l&#8217;accesso al terzo piano.<\/p>\nngg_shortcode_0_placeholder\n","protected":false},"excerpt":{"rendered":"<p>Il liceo, il 30 novembre del 1977, si trasferisce in un nuovo moderno edificio in via Verdi e lo stabile viene in seguito utilizzato dal Comune come sede della biblioteca che purtroppo, alcuni anni&#46;&#46;&#46;<\/p>\n","protected":false},"author":1,"featured_media":0,"parent":2,"menu_order":0,"comment_status":"closed","ping_status":"closed","template":"","meta":{"ngg_post_thumbnail":0,"footnotes":""},"class_list":["post-679","page","type-page","status-publish","hentry"],"_links":{"self":[{"href":"https:\/\/liceo.antuzzi.it\/index.php?rest_route=\/wp\/v2\/pages\/679","targetHints":{"allow":["GET"]}}],"collection":[{"href":"https:\/\/liceo.antuzzi.it\/index.php?rest_route=\/wp\/v2\/pages"}],"about":[{"href":"https:\/\/liceo.antuzzi.it\/index.php?rest_route=\/wp\/v2\/types\/page"}],"author":[{"embeddable":true,"href":"https:\/\/liceo.antuzzi.it\/index.php?rest_route=\/wp\/v2\/users\/1"}],"replies":[{"embeddable":true,"href":"https:\/\/liceo.antuzzi.it\/index.php?rest_route=%2Fwp%2Fv2%2Fcomments&post=679"}],"version-history":[{"count":0,"href":"https:\/\/liceo.antuzzi.it\/index.php?rest_route=\/wp\/v2\/pages\/679\/revisions"}],"up":[{"embeddable":true,"href":"https:\/\/liceo.antuzzi.it\/index.php?rest_route=\/wp\/v2\/pages\/2"}],"wp:attachment":[{"href":"https:\/\/liceo.antuzzi.it\/index.php?rest_route=%2Fwp%2Fv2%2Fmedia&parent=679"}],"curies":[{"name":"wp","href":"https:\/\/api.w.org\/{rel}","templated":true}]}}